h**2 - 1237*h + 3712. Calculate k(3).
-98
Let k(g) = 9091*g + 372993. What is k(-41)?
262
Let n(q) = -26806*q - 1072346. Determine n(-40).
-106
Let s(y) = 3*y**2 - 166*y - 19270. Give s(-57).
-61
Let h(f) = 58*f**2 - 77*f + 239. What is h(4)?
859
Let r(g) = 12*g**2 - 166*g + 1184. Calculate r(8).
624
Let y(w) = 4143*w - 144742. Determine y(35).
263
Let z(f) = 2*f**2 - 120*f + 1766. What is z(22)?
94
Let x(f) = 34*f - 3230. What is x(52)?
-1462
Let w(z) = 699*z - 218101. What is w(312)?
-13
Let i(o) = -1004*o - 219603. Determine i(-219).
273
Let a(u) = -4219*u + 22639. Determine a(6).
-2675
Let r(z) = 2*z**2 - 45*z - 162. Give r(15).
-387
Let m(u) = 9858*u + 29529. Calculate m(-3).
-45
Let n(a) = -154723*a - 928346. What is n(-6)?
-8
Let u(b) = -b**3 - 15*b**2 + 173*b - 199. What is u(-23)?
54
Let o(u) = 6*u**2 + 1050*u + 40352. What is o(-57)?
-4
Let w(f) = f**3 - 61*f**2 - 3510*f + 1741. Calculate w(97).
-5
Let v(c) = 2*c**2 + 421*c + 5722. What is v(-194)?
-680
Let q(l) = -l**2 - 457*l + 50508. Calculate q(92).
0
Let u(o) = -2*o**2 + 223*o - 800. Give u(107).
163
Let r(d) = d**3 + 20*d**2 + 63*d + 1156. Calculate r(-20).
-104
Let n(m) = -m**2 - 35799*m + 1074917. Give n(30).
47
Let s(l) = l**3 - 405*l**2 - 5462*l + 42. Calculate s(-13).
406
Let o(a) = -10*a**3 - 91*a**2 + 47*a + 344. Give o(-9).
-160
Let x(b) = -2677365*b - 2677359. Calculate x(-1).
6
Let f(m) = 9*m - 2519. Give f(77).
-1826
Let s(h) = 3416*h - 47522. Calculate s(14).
302
Let l(r) = r**3 - 24*r**2 + 68*r + 88. What is l(18)?
-632
Let n(a) = 176*a + 69166. What is n(-393)?
-2
Let u(i) = -i**2 + 1132*i + 289586. What is u(-215)?
-19
Let i(c) = -c**3 + 28*c**2 + 2*c - 76. What is i(3)?
155
Let t(k) = -11193*k + 492499. Determine t(44).
7
Let y(k) = -19*k**3 - 154*k**2 + 1715*k + 13838. Calculate y(-8).
-10
Let m(d) = 5*d**2 - 253*d - 2444. Determine m(59).
34
Let o(u) = 42749*u - 940380. What is o(22)?
98
Let j(w) = w**3 - 108*w**2 - 3362*w + 345610. Calculate j(110).
-10
Let u(t) = -1538*t + 43131. Give u(28).
67
Let q(r) = -12350*r - 333061. What is q(-27)?
389
Let w(m) = 290*m - 6878. Determine w(20).
-1078
Let d(x) = -33*x**3 - 99*x**2 - x + 4. Determine d(-3).
7
Let o(u) = -17*u - 1937. What is o(-153)?
664
Let r(f) = f**3 - 73*f**2 + 1295*f + 544. What is r(32)?
0
Let w(a) = a**2 + 393*a + 38181. Determine w(-175).
31
Let b(c) = -10*c**2 - 3659*c - 69191. What is b(-20)?
-11
Let t(n) = -n**2 - 532523*n + 3195191. Give t(6).
17
Let c(j) = -2*j**2 + 51384*j + 1131382. Calculate c(-22).
-34
Let p(n) = -12*n**2 + 2792*n + 10295. Calculate p(236).
855
Let p(c) = 172*c + 44730. Give p(-246).
2418
Let o(u) = 3*u**2 - 392*u + 4123. Calculate o(120).
283
Let m(l) = -l**2 - 4160*l - 29099. Calculate m(-7).
-28
Let q(k) = -459*k + 9851. What is q(24)?
-1165
Let s(g) = -34381*g + 68794. Determine s(2).
32
Let m(p) = 3627*p - 3592. Give m(1).
35
Let w(d) = -2*d**2 + 753420*d - 2260238. Calculate w(3).
4
Let d(u) = 2*u**3 + 206*u**2 + 11*u + 1337. Determine d(-103).
204
Let z(m) = 32*m**2 - 215*m - 69. What is z(8)?
259
Let z(h) = -290*h + 9343. Give z(38).
-1677
Let t(q) = -14537*q + 2267781. Give t(156).
9
Let z(b) = -24425*b + 1318959. What is z(54)?
9
Let a(h) = -29*h**3 - 198*h**2 - 133*h + 47. Calculate a(-6).
-19
Let c(q) = 13*q**2 - 249*q - 1478. Calculate c(-6).
484
Let b(l) = -24351*l + 163. Determine b(0).
163
Let y(w) = 353*w + 2086. Determine y(-7).
-385
Let h(o) = -4*o**2 + 3028*o + 3446980. Give h(-624).
4
Let l(x) = x**2 + 5280*x - 126998. Determine l(24).
298
Let i(g) = g**2 - 552*g - 5660. What is i(-10)?
-40
Let f(k) = -k**3 + 23*k**2 - 211*k + 5682. What is f(24)?
42
Let s(d) = -27*d**3 + 4005*d**2 + 2682*d - 19. Give s(149).
-19
Let k(t) = -t**2 + 13163*t - 78940. What is k(6)?
2
Let d(r) = -31924*r + 127711. Determine d(4).
15
Let h(v) = v**2 + 96*v - 15524. Determine h(81).
-1187
Let r(t) = -t**3 + 61*t**2 + 379*t + 1455. What is r(67)?
-86
Let x(r) = r**3 - 26*r**2 + 130*r + 278. Give x(18).
26
Let w(u) = u**3 + 135*u**2 - 251*u - 33886. Determine w(-135).
-1
Let w(j) = j**3 + 7*j**2 + 32*j - 219. Give w(5).
241
Let c(t) = 2*t**2 - 12262*t - 680462. Calculate c(-55).
-2
Let o(v) = -2*v**3 + 44*v**2 + 176*v - 310. Calculate o(26).
-1142
Let d(x) = x**3 + 81*x**2 - 245*x + 535. Calculate d(-84).
-53
Let c(j) = 286*j + 5389. Give c(-19).
-45
Let y(o) = -40*o**2 - 41*o - 42. Determine y(-1).
-41
Let d(p) = -47*p**2 + 1347*p - 86. What is d(28)?
782
Let i(w) = -70107*w + 4206419. Calculate i(60).
-1
Let s(i) = -71*i + 5812. Give s(63).
1339
Let c(n) = 375798*n + 1503134. What is c(-4)?
-58
Let d(w) = -w**3 - 2184*w**2 - 451150*w - 13672. Determine d(-1953).
-1
Let u(n) = -n**2 - 48*n - 844. Give u(-22).
-272
Let v(n) = -682*n + 43702. Calculate v(64).
54
Let m(p) = -p**3 - 22*p**2 + 1559*p - 47. What is m(-52)?
5
Let k(f) = -f**3 + 227*f**2 + 11605*f - 249. Calculate k(-43).
-34
Let f(n) = -2*n**3 - 197*n**2 - 2465*n + 594. Calculate f(-15).
-6
Let m(t) = -3729*t + 2110616. Determine m(566).
2
Let y(c) = 68*c**2 - 35*c - 110. Give y(-4).
1118
Let n(l) = -20*l**3 + 117*l**2 - 17*l + 206. What is n(6)?
-4
Let b(y) = -2*y**3 + 1308*y**2 - 7775*y - 906. What is b(648)?
-258
Let w(o) = -8859*o + 11. Calculate w(0).
11
Let o(h) = -h**3 - h**2 - 139*h + 1613. Give o(13).
-2560
Let o(l) = 597*l - 2348. Calculate o(3).
-557
Let p(j) = j**2 - 76*j - 263. Determine p(62).
-1131
Let h(r) = 455*r + 3608. Give h(-7).
423
Let k(i) = 781*i**2 - 52338*i + 735. What is k(67)?
-2
Let v(t) = t**3 - 220*t**2 + 3571*t - 16. Calculate v(17).
2024
Let x(y) = 1647*y + 167843. Calculate x(-102).
-151
Let b(l) = -1054*l**2 + 3944*l - 7886. Determine b(2).
-4214
Let n(q) = 37027*q - 15. Calculate n(0).
-15
Let b(u) = -102*u**3 - 13*u**2 + 157*u + 162. Calculate b(-1).
94
Let y(p) = 2*p**2 + 407*p - 36818. Determine y(-271).
-233
Let p(r) = -2*r**3 + 526*r**2 - 175*r - 226806. Calculate p(261).
3
Let b(w) = w**3 + 9*w**2 - 20*w + 328. What is b(-14)?
-372
Let r(c) = -5*c**3 - 61*c**2 - 199*c + 5. What is r(-10)?
895
Let f(s) = s**2 - 248*s - 18886. What is f(-68)?
2602
Let o(g) = 28256*g - 508617. Give o(18).
-9
Let g(x) = -x**2 + 19200*x - 1929009. Determine g(101).
-10
Let w(t) = -t**2 + 37369*t - 1306717. Determine w(35).
-27
Let m(l) = 5*l**2 - 711*l + 16242. Determine m(114).
168
Let o(f) = -7846*f + 596221. Determine o(76).
-75
Let i(m) = -465*m - 2499. Give i(-7).
756
Let g(p) = 10907*p - 512712. Determine g(47).
-83
Let j(h) = 930*h + 78981. Calculate j(-85).
-69
Let s(r) = -502*r**3 - 6*r**2 + 32*r + 39. Calculate s(-1).
503
Let t(u) = -243*u + 4906. Give t(19).
289
Let u(r) = -r**2 - 194*r + 9896. Determine u(42).
-16
Let j(u) = -9*u**2 + 51493*u + 670915. Give j(-13).
-15
Let n(r) = -12*r**3 - 248*r**2 + 84*r - 51. Give n(-21).
-51
Let n(b) = -b**3 - 104*b**2 - 147*b - 4456. What is n(-103)?
76
Let k(v) = 3*v**2 - 172*v - 3073. What is k(-15)?
182
Let j(w) = 2*w**2 - 7645*w - 30616. What is j(-4)?
-4
Let s(c) = c**3 + 47*c**2 + 114*c + 244. What is s(-46)?
-2884
Let x(n) = -n**3 + 37*n**2 + 776*n - 323. What is x(51)?
2839
Let p(v) = -5*v**2 - 1955*v - 1948. Determine p(-390).
2
Let k(z) = -z**2 - 8*z + 1339. Give k(-35).
394
Let i(o) = 102*o - 2984. What is i(30)?
76
Let i(r) = -r**2 - 89*r + 1140. Determine i(11).
40
Let i(k) = -297*k - 14888. Determine i(-50).
-38
Let m(r) = 110*r + 26188. Calculate m(-238).
8
Let k(m) = m**3 - 6*m**2 - m - 396. Calculate k(10).
-6
Let g(m) = -586*m**2 + m + 11. Determine g(0).
11
Let f(j) = -2*j**3 - 225*j**2 - 338*j - 323. What is f(-111)?
232
Let b(w) = -1108*w**2 - 90855*w + 15. Calculate b(-82).
-67
Let m(h) = 199199*h - 995988. Calculate m(5).
7
Let y(a) = -7*a**3 - 108*a**2 + 1284*a + 19915. Give y(-15).
-20
Let v(h) = 23*h**2 + 28*h - 123. Determine v(6).
873
Let k(i) = -2*i**2 - 1163*i + 134739. Calculate k(99).
0
Let y(l) = 21*l**3 - 20659*l**2 + 15733*l - 5000. Determine y(983).
-85
Let x(l) = 2531*l + 237910. Give x(-94).
-4
Let b(j) = -4*j**3 - 3*j**2 - 73*j + 359. What is b(5)?
-581
Let z(j) = -1844*j - 236046. What is z(-128)?
-14
Let k(p) = 3*p**2 + 1240*p - 8728. Calculate k(7).
99
Let w(a) = -7*a**2 + 310*a - 260. Determine w(44).
-172
Let b(t) = t**3 + 138*t**2 + 1063*t + 3186. What is b(-130)?
196
Let p(g) = 4280*g**2 + 872